{"id":10,"date":"2015-03-08T10:51:10","date_gmt":"2015-03-08T10:51:10","guid":{"rendered":"http:\/\/brizamedia.ch\/wordpress_0\/?page_id=10"},"modified":"2019-12-22T17:04:43","modified_gmt":"2019-12-22T17:04:43","slug":"brizamedia-kontakt","status":"publish","type":"page","link":"https:\/\/brizamedia.ch\/wordpress_0\/brizamedia-service-fur-die-grune-branche\/brizamedia-kontakt\/","title":{"rendered":"BRIZAMEDIA: KONTAKT"},"content":{"rendered":"\n<p>      <\/p>\n\n\n<p>Die Fachjournalistinnen Caroline Zollinger, Judith Supper, Helen Weiss und Katharina N\u00fcesch bieten mit Brizamedia einen Medienservice f\u00fcr die gr\u00fcne Branche. Wir freuen uns \u00fcber eine Kontaktaufnahme per E-Mail oder Telefon.<\/p>\n\n\n<p>      <\/p>\n<div class='row'><div style='padding-bottom:40px;' class='span12 first-module module_number_1 module_cont  module_divider'><hr class=\" \"><\/div><!-- .module_cont --><\/div><div class='row'><div style='padding-bottom:40px;' class='span12  module_number_2 module_cont  module_contact_info'><div class='bg_title'><h4 style='' class='headInModule'>Brizamedia<\/h4><\/div><ul class='contact_info_list'><li class='contact_info_item'><div class='contact_info_wrapper'><span class='contact_info_icon' style='background:#c5c5c5;'><i style='color:#ffffff' class='icon-home'><\/i><\/span><div class=\"contact_info_text\">Gerstern 620, 9056 Gais<\/div><\/div><\/li><li class='contact_info_item'><div class='contact_info_wrapper'><span class='contact_info_icon' style='background:#c5c5c5;'><i style='color:#ffffff' class='icon-envelope-o'><\/i><\/span><div class=\"contact_info_text\"><a href=\"mailto:info@brizamedia.ch\">info@brizamedia.ch<\/a><\/div><\/div><\/li><li class='contact_info_item'><div class='contact_info_wrapper'><span class='contact_info_icon' style='background:#c5c5c5;'><i style='color:#ffffff' class='icon-phone'><\/i><\/span><div class=\"contact_info_text\">+41 44 586 90 41<\/div><\/div><\/li><\/ul><\/div><!-- .module_cont --><\/div>","protected":false},"excerpt":{"rendered":"<p>Die Fachjournalistinnen Caroline Zollinger, Judith Supper, Helen Weiss und Katharina N\u00fcesch bieten mit Brizamedia einen Medienservice f\u00fcr die gr\u00fcne Branche. Wir freuen uns \u00fcber eine Kontaktaufnahme per E-Mail oder Telefon. Brizamedia Gerstern 620, 9056 Gais info@brizamedia.ch +41 44 586 90 41<\/p>\n","protected":false},"author":1,"featured_media":0,"parent":2,"menu_order":0,"comment_status":"closed","ping_status":"closed","template":"page-center.php","meta":{"footnotes":""},"class_list":["post-10","page","type-page","status-publish","hentry"],"yoast_head":"<!-- This site is optimized with the Yoast SEO plugin v27.0 - https:\/\/yoast.com\/product\/yoast-seo-wordpress\/ -->\n<title>Brizamedia Kontakt<\/title>\n<meta name=\"description\" content=\"Sie erreichen uns telefonisch unter 0041 (0) 44 586 90 41, \u00fcber info@brizamedia.ch oder \u00fcber das Kontaktformular.\" \/>\n<meta name=\"robots\" content=\"index, follow, max-snippet:-1, max-image-preview:large, max-video-preview:-1\" \/>\n<link rel=\"canonical\" href=\"https:\/\/brizamedia.ch\/wordpress_0\/brizamedia-service-fur-die-grune-branche\/brizamedia-kontakt\/\" \/>\n<meta property=\"og:locale\" content=\"en_US\" \/>\n<meta property=\"og:type\" content=\"article\" \/>\n<meta property=\"og:title\" content=\"Brizamedia Kontakt\" \/>\n<meta property=\"og:description\" content=\"Sie erreichen uns telefonisch unter 0041 (0) 44 586 90 41, \u00fcber info@brizamedia.ch oder \u00fcber das Kontaktformular.\" \/>\n<meta property=\"og:url\" content=\"https:\/\/brizamedia.ch\/wordpress_0\/brizamedia-service-fur-die-grune-branche\/brizamedia-kontakt\/\" \/>\n<meta property=\"og:site_name\" content=\"Brizamedia\" \/>\n<meta property=\"article:modified_time\" content=\"2019-12-22T17:04:43+00:00\" \/>\n<script type=\"application\/ld+json\" class=\"yoast-schema-graph\">{\"@context\":\"https:\/\/schema.org\",\"@graph\":[{\"@type\":\"WebPage\",\"@id\":\"https:\/\/brizamedia.ch\/wordpress_0\/brizamedia-service-fur-die-grune-branche\/brizamedia-kontakt\/\",\"url\":\"https:\/\/brizamedia.ch\/wordpress_0\/brizamedia-service-fur-die-grune-branche\/brizamedia-kontakt\/\",\"name\":\"Brizamedia Kontakt\",\"isPartOf\":{\"@id\":\"https:\/\/brizamedia.ch\/wordpress_0\/#website\"},\"datePublished\":\"2015-03-08T10:51:10+00:00\",\"dateModified\":\"2019-12-22T17:04:43+00:00\",\"description\":\"Sie erreichen uns telefonisch unter 0041 (0) 44 586 90 41, \u00fcber info@brizamedia.ch oder \u00fcber das Kontaktformular.\",\"breadcrumb\":{\"@id\":\"https:\/\/brizamedia.ch\/wordpress_0\/brizamedia-service-fur-die-grune-branche\/brizamedia-kontakt\/#breadcrumb\"},\"inLanguage\":\"en-US\",\"potentialAction\":[{\"@type\":\"ReadAction\",\"target\":[\"https:\/\/brizamedia.ch\/wordpress_0\/brizamedia-service-fur-die-grune-branche\/brizamedia-kontakt\/\"]}]},{\"@type\":\"BreadcrumbList\",\"@id\":\"https:\/\/brizamedia.ch\/wordpress_0\/brizamedia-service-fur-die-grune-branche\/brizamedia-kontakt\/#breadcrumb\",\"itemListElement\":[{\"@type\":\"ListItem\",\"position\":1,\"name\":\"Home\",\"item\":\"https:\/\/brizamedia.ch\/wordpress_0\/\"},{\"@type\":\"ListItem\",\"position\":2,\"name\":\"Brizamedia Service f\u00fcr die Gr\u00fcne Branche\",\"item\":\"https:\/\/brizamedia.ch\/wordpress_0\/brizamedia-service-fur-die-grune-branche\/\"},{\"@type\":\"ListItem\",\"position\":3,\"name\":\"BRIZAMEDIA: KONTAKT\"}]},{\"@type\":\"WebSite\",\"@id\":\"https:\/\/brizamedia.ch\/wordpress_0\/#website\",\"url\":\"https:\/\/brizamedia.ch\/wordpress_0\/\",\"name\":\"Brizamedia\",\"description\":\"Medienservice f\u00fcr die gr\u00fcne Branche\",\"potentialAction\":[{\"@type\":\"SearchAction\",\"target\":{\"@type\":\"EntryPoint\",\"urlTemplate\":\"https:\/\/brizamedia.ch\/wordpress_0\/?s={search_term_string}\"},\"query-input\":{\"@type\":\"PropertyValueSpecification\",\"valueRequired\":true,\"valueName\":\"search_term_string\"}}],\"inLanguage\":\"en-US\"}]}<\/script>\n<!-- \/ Yoast SEO plugin. -->","yoast_head_json":{"title":"Brizamedia Kontakt","description":"Sie erreichen uns telefonisch unter 0041 (0) 44 586 90 41, \u00fcber info@brizamedia.ch oder \u00fcber das Kontaktformular.","robots":{"index":"index","follow":"follow","max-snippet":"max-snippet:-1","max-image-preview":"max-image-preview:large","max-video-preview":"max-video-preview:-1"},"canonical":"https:\/\/brizamedia.ch\/wordpress_0\/brizamedia-service-fur-die-grune-branche\/brizamedia-kontakt\/","og_locale":"en_US","og_type":"article","og_title":"Brizamedia Kontakt","og_description":"Sie erreichen uns telefonisch unter 0041 (0) 44 586 90 41, \u00fcber info@brizamedia.ch oder \u00fcber das Kontaktformular.","og_url":"https:\/\/brizamedia.ch\/wordpress_0\/brizamedia-service-fur-die-grune-branche\/brizamedia-kontakt\/","og_site_name":"Brizamedia","article_modified_time":"2019-12-22T17:04:43+00:00","schema":{"@context":"https:\/\/schema.org","@graph":[{"@type":"WebPage","@id":"https:\/\/brizamedia.ch\/wordpress_0\/brizamedia-service-fur-die-grune-branche\/brizamedia-kontakt\/","url":"https:\/\/brizamedia.ch\/wordpress_0\/brizamedia-service-fur-die-grune-branche\/brizamedia-kontakt\/","name":"Brizamedia Kontakt","isPartOf":{"@id":"https:\/\/brizamedia.ch\/wordpress_0\/#website"},"datePublished":"2015-03-08T10:51:10+00:00","dateModified":"2019-12-22T17:04:43+00:00","description":"Sie erreichen uns telefonisch unter 0041 (0) 44 586 90 41, \u00fcber info@brizamedia.ch oder \u00fcber das Kontaktformular.","breadcrumb":{"@id":"https:\/\/brizamedia.ch\/wordpress_0\/brizamedia-service-fur-die-grune-branche\/brizamedia-kontakt\/#breadcrumb"},"inLanguage":"en-US","potentialAction":[{"@type":"ReadAction","target":["https:\/\/brizamedia.ch\/wordpress_0\/brizamedia-service-fur-die-grune-branche\/brizamedia-kontakt\/"]}]},{"@type":"BreadcrumbList","@id":"https:\/\/brizamedia.ch\/wordpress_0\/brizamedia-service-fur-die-grune-branche\/brizamedia-kontakt\/#breadcrumb","itemListElement":[{"@type":"ListItem","position":1,"name":"Home","item":"https:\/\/brizamedia.ch\/wordpress_0\/"},{"@type":"ListItem","position":2,"name":"Brizamedia Service f\u00fcr die Gr\u00fcne Branche","item":"https:\/\/brizamedia.ch\/wordpress_0\/brizamedia-service-fur-die-grune-branche\/"},{"@type":"ListItem","position":3,"name":"BRIZAMEDIA: KONTAKT"}]},{"@type":"WebSite","@id":"https:\/\/brizamedia.ch\/wordpress_0\/#website","url":"https:\/\/brizamedia.ch\/wordpress_0\/","name":"Brizamedia","description":"Medienservice f\u00fcr die gr\u00fcne Branche","potentialAction":[{"@type":"SearchAction","target":{"@type":"EntryPoint","urlTemplate":"https:\/\/brizamedia.ch\/wordpress_0\/?s={search_term_string}"},"query-input":{"@type":"PropertyValueSpecification","valueRequired":true,"valueName":"search_term_string"}}],"inLanguage":"en-US"}]}},"_links":{"self":[{"href":"https:\/\/brizamedia.ch\/wordpress_0\/wp-json\/wp\/v2\/pages\/10","targetHints":{"allow":["GET"]}}],"collection":[{"href":"https:\/\/brizamedia.ch\/wordpress_0\/wp-json\/wp\/v2\/pages"}],"about":[{"href":"https:\/\/brizamedia.ch\/wordpress_0\/wp-json\/wp\/v2\/types\/page"}],"author":[{"embeddable":true,"href":"https:\/\/brizamedia.ch\/wordpress_0\/wp-json\/wp\/v2\/users\/1"}],"replies":[{"embeddable":true,"href":"https:\/\/brizamedia.ch\/wordpress_0\/wp-json\/wp\/v2\/comments?post=10"}],"version-history":[{"count":18,"href":"https:\/\/brizamedia.ch\/wordpress_0\/wp-json\/wp\/v2\/pages\/10\/revisions"}],"predecessor-version":[{"id":379,"href":"https:\/\/brizamedia.ch\/wordpress_0\/wp-json\/wp\/v2\/pages\/10\/revisions\/379"}],"up":[{"embeddable":true,"href":"https:\/\/brizamedia.ch\/wordpress_0\/wp-json\/wp\/v2\/pages\/2"}],"wp:attachment":[{"href":"https:\/\/brizamedia.ch\/wordpress_0\/wp-json\/wp\/v2\/media?parent=10"}],"curies":[{"name":"wp","href":"https:\/\/api.w.org\/{rel}","templated":true}]}}